{"id":1824,"date":"2025-09-05T17:11:24","date_gmt":"2025-09-05T17:11:24","guid":{"rendered":"https:\/\/visitparnu.com\/konverents\/?page_id=1824"},"modified":"2025-11-04T19:55:54","modified_gmt":"2025-11-04T19:55:54","slug":"parnu-visioonikonverents-2024","status":"publish","type":"page","link":"https:\/\/visitparnu.com\/konverents\/kogemuslood\/parnu-visioonikonverents-2024\/","title":{"rendered":"P\u00e4rnumaa turismi visioonikonverents 2024"},"content":{"rendered":"\t\t<div data-elementor-type=\"wp-page\" data-elementor-id=\"1824\" class=\"elementor elementor-1824\" data-elementor-post-type=\"page\">\n\t\t\t\t<div class=\"elementor-element elementor-element-7615e36 e-con-full e-flex e-con e-parent\" data-id=\"7615e36\" data-element_type=\"container\" data-e-type=\"container\" data-settings=\"{&quot;background_background&quot;:&quot;classic&quot;}\">\n\t\t\t\t<\/div>\n\t\t<div class=\"elementor-element elementor-element-e9a6144 e-flex e-con-boxed e-con e-parent\" data-id=\"e9a6144\" data-element_type=\"container\" data-e-type=\"container\">\n\t\t\t\t\t<div class=\"e-con-inner\">\n\t\t\t\t<div class=\"elementor-element elementor-element-fce4822 elementor-widget elementor-widget-heading\" data-id=\"fce4822\" data-element_type=\"widget\" data-e-type=\"widget\" data-widget_type=\"heading.default\">\n\t\t\t\t\t<h1 class=\"elementor-heading-title elementor-size-default\">P\u00e4rnumaa turismi visioonikonverents 2024<\/h1>\t\t\t\t<\/div>\n\t\t\t\t<div class=\"elementor-element elementor-element-93a846c elementor-invisible elementor-widget elementor-widget-global elementor-global-1074 elementor-widget-eael-breadcrumbs\" data-id=\"93a846c\" data-element_type=\"widget\" data-e-type=\"widget\" data-settings=\"{&quot;_animation&quot;:&quot;fadeInUp&quot;}\" data-widget_type=\"eael-breadcrumbs.default\">\n\t\t\t\t<div class=\"elementor-widget-container\">\n\t\t\t\t\t\t\t<div class=\"eael-breadcrumbs\">\n\t\t\t<div class=\"eael-breadcrumbs__content\"><a href=\"https:\/\/visitparnu.com\/konverents\">Avaleht<\/a> <span class=\"eael-breadcrumb-separator\"><svg xmlns=\"http:\/\/www.w3.org\/2000\/svg\" viewBox=\"0 0 80.593 122.88\" preserveAspectRatio=\"xMidYMid meet\"><polygon points=\"0,0 30.82,0 80.593,61.44 30.82,122.88 0,122.88 49.772,61.44 0,0\"><\/polygon><\/svg><\/span> <span class = \"eael-current\">Page<\/span><\/div>\t\t<\/div>\n\t\t\t\t\t\t<\/div>\n\t\t\t\t<\/div>\n\t\t\t\t<div class=\"elementor-element elementor-element-669b4d1 elementor-widget elementor-widget-text-editor\" data-id=\"669b4d1\" data-element_type=\"widget\" data-e-type=\"widget\" data-widget_type=\"text-editor.default\">\n\t\t\t\t\t\t\t\t\t<p>2024. aasta oktoobris toimus P\u00e4rnumaa esimene turismi visioonikonverents.<\/p><p>Endla Teatris toimunud visioonikonverentsi eesm\u00e4rk oli \u00fchiselt suunata pilk tulevikku ja arutleda, kuidas muuta P\u00e4rnumaa veelgi atraktiivsemaks nii turistidele kui kohalikele elanikele.<\/p><p>Konverentsil jagasid oma n\u00e4gemusi ja kogemusi tippasjatundjad Eestist ja v\u00e4lismaalt.<\/p><p>Vaata ja kuula konverentsi j\u00e4relvideost, millisena n\u00e4hakse P\u00e4rnumaa tulevikku.<\/p><p>Visioonikonverentsi ettekanded leiab Destination P\u00e4rnu <a href=\"https:\/\/destinationparnu.ee\/esmakordselt-toimunud-parnumaa-turismi-visioonikonverents-pakkus-haid-ideid-ja-sisukaid-arutelusid\/\" target=\"_blank\" rel=\"noopener\">kodulehelt<\/a>\u00a0<\/p><p>Suur ait\u00e4h konverentsi korraldajatele ja toetajatele: Destiation P\u00e4rnu, Endla Teater, P\u00e4rnumaa Arenduskeskus, P\u00e4rnu linn, Visit P\u00e4rnu, Tartu \u00dclikooli P\u00e4rnu kolled\u017e, Wasa Resort, Estonia Resort Hotel &amp; Spa, Spaa Hotell Viiking, Hedon SPA &amp; Hotel ja Tervise Paradiis spaa-hotell &amp; veekeskus.<\/p>\t\t\t\t\t\t\t\t<\/div>\n\t\t\t\t<div class=\"elementor-element elementor-element-4162767 elementor-widget elementor-widget-video\" data-id=\"4162767\" data-element_type=\"widget\" data-e-type=\"widget\" data-settings=\"{&quot;youtube_url&quot;:&quot;https:\\\/\\\/youtu.be\\\/aNXDzrLzCv8?si=KmPHSCIACuM2cQYz&quot;,&quot;video_type&quot;:&quot;youtube&quot;,&quot;controls&quot;:&quot;yes&quot;}\" data-widget_type=\"video.default\">\n\t\t\t\t\t\t\t<div class=\"elementor-wrapper elementor-open-inline\">\n\t\t\t<div class=\"elementor-video\"><\/div>\t\t<\/div>\n\t\t\t\t\t\t<\/div>\n\t\t\t\t\t<\/div>\n\t\t\t\t<\/div>\n\t\t\t\t<\/div>\n\t\t","protected":false},"excerpt":{"rendered":"<p>Avaleht Leht 2024. aasta oktoobris toimus P\u00e4rnumaa esimene turismi visioonikonverents. Endla Teatris toimunud visioonikonverentsi eesm\u00e4rk oli \u00fchiselt suunata pilk tulevikku ja arutleda, kuidas muuta P\u00e4rnumaa veelgi atraktiivsemaks nii turistidele kui kohalikele elanikele. Konverentsil jagasid oma n\u00e4gemusi ja kogemusi tippasjatundjad Eestist ja v\u00e4lismaalt. Vaata ja kuula konverentsi j\u00e4relvideost, millisena n\u00e4hakse P\u00e4rnumaa tulevikku. Visioonikonverentsi ettekanded leiab Destination [&hellip;]<\/p>\n","protected":false},"author":2,"featured_media":4527,"parent":2471,"menu_order":0,"comment_status":"closed","ping_status":"closed","template":"","meta":{"_acf_changed":false,"footnotes":""},"class_list":["post-1824","page","type-page","status-publish","has-post-thumbnail","hentry"],"acf":[],"yoast_head":"<!-- This site is optimized with the Yoast SEO plugin v27.1.1 - https:\/\/yoast.com\/product\/yoast-seo-wordpress\/ -->\n<title>P\u00e4rnumaa turismi visioonikonverents 2024 - BusinessP\u00e4rnu<\/title>\n<meta name=\"robots\" content=\"index, follow, max-snippet:-1, max-image-preview:large, max-video-preview:-1\" \/>\n<link rel=\"canonical\" href=\"https:\/\/visitparnu.com\/konverents\/kogemuslood\/parnu-visioonikonverents-2024\/\" \/>\n<meta property=\"og:locale\" content=\"en_US\" \/>\n<meta property=\"og:type\" content=\"article\" \/>\n<meta property=\"og:title\" content=\"P\u00e4rnumaa turismi visioonikonverents 2024 - BusinessP\u00e4rnu\" \/>\n<meta property=\"og:description\" content=\"Avaleht Leht 2024. aasta oktoobris toimus P\u00e4rnumaa esimene turismi visioonikonverents. Endla Teatris toimunud visioonikonverentsi eesm\u00e4rk oli \u00fchiselt suunata pilk tulevikku ja arutleda, kuidas muuta P\u00e4rnumaa veelgi atraktiivsemaks nii turistidele kui kohalikele elanikele. Konverentsil jagasid oma n\u00e4gemusi ja kogemusi tippasjatundjad Eestist ja v\u00e4lismaalt. Vaata ja kuula konverentsi j\u00e4relvideost, millisena n\u00e4hakse P\u00e4rnumaa tulevikku. Visioonikonverentsi ettekanded leiab Destination [&hellip;]\" \/>\n<meta property=\"og:url\" content=\"https:\/\/visitparnu.com\/konverents\/kogemuslood\/parnu-visioonikonverents-2024\/\" \/>\n<meta property=\"og:site_name\" content=\"BusinessP\u00e4rnu\" \/>\n<meta property=\"article:modified_time\" content=\"2025-11-04T19:55:54+00:00\" \/>\n<meta property=\"og:image\" content=\"https:\/\/visitparnu.com\/konverents\/wp-content\/uploads\/2025\/11\/Parnu-visioonikonverents.jpg\" \/>\n\t<meta property=\"og:image:width\" content=\"2048\" \/>\n\t<meta property=\"og:image:height\" content=\"1367\" \/>\n\t<meta property=\"og:image:type\" content=\"image\/jpeg\" \/>\n<meta name=\"twitter:card\" content=\"summary_large_image\" \/>\n<meta name=\"twitter:label1\" content=\"Est. reading time\" \/>\n\t<meta name=\"twitter:data1\" content=\"1 minute\" \/>\n<script type=\"application\/ld+json\" class=\"yoast-schema-graph\">{\"@context\":\"https:\/\/schema.org\",\"@graph\":[{\"@type\":\"WebPage\",\"@id\":\"https:\/\/visitparnu.com\/konverents\/kogemuslood\/parnu-visioonikonverents-2024\/\",\"url\":\"https:\/\/visitparnu.com\/konverents\/kogemuslood\/parnu-visioonikonverents-2024\/\",\"name\":\"P\u00e4rnumaa turismi visioonikonverents 2024 - BusinessP\u00e4rnu\",\"isPartOf\":{\"@id\":\"https:\/\/visitparnu.com\/konverents\/#website\"},\"primaryImageOfPage\":{\"@id\":\"https:\/\/visitparnu.com\/konverents\/kogemuslood\/parnu-visioonikonverents-2024\/#primaryimage\"},\"image\":{\"@id\":\"https:\/\/visitparnu.com\/konverents\/kogemuslood\/parnu-visioonikonverents-2024\/#primaryimage\"},\"thumbnailUrl\":\"https:\/\/visitparnu.com\/konverents\/wp-content\/uploads\/2025\/11\/Parnu-visioonikonverents.jpg\",\"datePublished\":\"2025-09-05T17:11:24+00:00\",\"dateModified\":\"2025-11-04T19:55:54+00:00\",\"breadcrumb\":{\"@id\":\"https:\/\/visitparnu.com\/konverents\/kogemuslood\/parnu-visioonikonverents-2024\/#breadcrumb\"},\"inLanguage\":\"en-US\",\"potentialAction\":[{\"@type\":\"ReadAction\",\"target\":[\"https:\/\/visitparnu.com\/konverents\/kogemuslood\/parnu-visioonikonverents-2024\/\"]}]},{\"@type\":\"ImageObject\",\"inLanguage\":\"en-US\",\"@id\":\"https:\/\/visitparnu.com\/konverents\/kogemuslood\/parnu-visioonikonverents-2024\/#primaryimage\",\"url\":\"https:\/\/visitparnu.com\/konverents\/wp-content\/uploads\/2025\/11\/Parnu-visioonikonverents.jpg\",\"contentUrl\":\"https:\/\/visitparnu.com\/konverents\/wp-content\/uploads\/2025\/11\/Parnu-visioonikonverents.jpg\",\"width\":2048,\"height\":1367},{\"@type\":\"BreadcrumbList\",\"@id\":\"https:\/\/visitparnu.com\/konverents\/kogemuslood\/parnu-visioonikonverents-2024\/#breadcrumb\",\"itemListElement\":[{\"@type\":\"ListItem\",\"position\":1,\"name\":\"Home\",\"item\":\"https:\/\/visitparnu.com\/konverents\/\"},{\"@type\":\"ListItem\",\"position\":2,\"name\":\"Kogemuslood\",\"item\":\"https:\/\/visitparnu.com\/konverents\/kogemuslood\/\"},{\"@type\":\"ListItem\",\"position\":3,\"name\":\"P\u00e4rnumaa turismi visioonikonverents 2024\"}]},{\"@type\":\"WebSite\",\"@id\":\"https:\/\/visitparnu.com\/konverents\/#website\",\"url\":\"https:\/\/visitparnu.com\/konverents\/\",\"name\":\"BusinessP\u00e4rnu\",\"description\":\"J\u00e4rgmine WordPress veebileht\",\"publisher\":{\"@id\":\"https:\/\/visitparnu.com\/konverents\/#organization\"},\"potentialAction\":[{\"@type\":\"SearchAction\",\"target\":{\"@type\":\"EntryPoint\",\"urlTemplate\":\"https:\/\/visitparnu.com\/konverents\/?s={search_term_string}\"},\"query-input\":{\"@type\":\"PropertyValueSpecification\",\"valueRequired\":true,\"valueName\":\"search_term_string\"}}],\"inLanguage\":\"en-US\"},{\"@type\":\"Organization\",\"@id\":\"https:\/\/visitparnu.com\/konverents\/#organization\",\"name\":\"BusinessP\u00e4rnu\",\"url\":\"https:\/\/visitparnu.com\/konverents\/\",\"logo\":{\"@type\":\"ImageObject\",\"inLanguage\":\"en-US\",\"@id\":\"https:\/\/visitparnu.com\/konverents\/#\/schema\/logo\/image\/\",\"url\":\"https:\/\/visitparnu.com\/konverents\/wp-content\/uploads\/2025\/07\/Logo-ver2.svg\",\"contentUrl\":\"https:\/\/visitparnu.com\/konverents\/wp-content\/uploads\/2025\/07\/Logo-ver2.svg\",\"width\":1200,\"height\":517,\"caption\":\"BusinessP\u00e4rnu\"},\"image\":{\"@id\":\"https:\/\/visitparnu.com\/konverents\/#\/schema\/logo\/image\/\"}}]}<\/script>\n<!-- \/ Yoast SEO plugin. -->","yoast_head_json":{"title":"P\u00e4rnumaa turismi visioonikonverents 2024 - BusinessP\u00e4rnu","robots":{"index":"index","follow":"follow","max-snippet":"max-snippet:-1","max-image-preview":"max-image-preview:large","max-video-preview":"max-video-preview:-1"},"canonical":"https:\/\/visitparnu.com\/konverents\/kogemuslood\/parnu-visioonikonverents-2024\/","og_locale":"en_US","og_type":"article","og_title":"P\u00e4rnumaa turismi visioonikonverents 2024 - BusinessP\u00e4rnu","og_description":"Avaleht Leht 2024. aasta oktoobris toimus P\u00e4rnumaa esimene turismi visioonikonverents. Endla Teatris toimunud visioonikonverentsi eesm\u00e4rk oli \u00fchiselt suunata pilk tulevikku ja arutleda, kuidas muuta P\u00e4rnumaa veelgi atraktiivsemaks nii turistidele kui kohalikele elanikele. Konverentsil jagasid oma n\u00e4gemusi ja kogemusi tippasjatundjad Eestist ja v\u00e4lismaalt. Vaata ja kuula konverentsi j\u00e4relvideost, millisena n\u00e4hakse P\u00e4rnumaa tulevikku. Visioonikonverentsi ettekanded leiab Destination [&hellip;]","og_url":"https:\/\/visitparnu.com\/konverents\/kogemuslood\/parnu-visioonikonverents-2024\/","og_site_name":"BusinessP\u00e4rnu","article_modified_time":"2025-11-04T19:55:54+00:00","og_image":[{"width":2048,"height":1367,"url":"https:\/\/visitparnu.com\/konverents\/wp-content\/uploads\/2025\/11\/Parnu-visioonikonverents.jpg","type":"image\/jpeg"}],"twitter_card":"summary_large_image","twitter_misc":{"Est. reading time":"1 minute"},"schema":{"@context":"https:\/\/schema.org","@graph":[{"@type":"WebPage","@id":"https:\/\/visitparnu.com\/konverents\/kogemuslood\/parnu-visioonikonverents-2024\/","url":"https:\/\/visitparnu.com\/konverents\/kogemuslood\/parnu-visioonikonverents-2024\/","name":"P\u00e4rnumaa turismi visioonikonverents 2024 - BusinessP\u00e4rnu","isPartOf":{"@id":"https:\/\/visitparnu.com\/konverents\/#website"},"primaryImageOfPage":{"@id":"https:\/\/visitparnu.com\/konverents\/kogemuslood\/parnu-visioonikonverents-2024\/#primaryimage"},"image":{"@id":"https:\/\/visitparnu.com\/konverents\/kogemuslood\/parnu-visioonikonverents-2024\/#primaryimage"},"thumbnailUrl":"https:\/\/visitparnu.com\/konverents\/wp-content\/uploads\/2025\/11\/Parnu-visioonikonverents.jpg","datePublished":"2025-09-05T17:11:24+00:00","dateModified":"2025-11-04T19:55:54+00:00","breadcrumb":{"@id":"https:\/\/visitparnu.com\/konverents\/kogemuslood\/parnu-visioonikonverents-2024\/#breadcrumb"},"inLanguage":"en-US","potentialAction":[{"@type":"ReadAction","target":["https:\/\/visitparnu.com\/konverents\/kogemuslood\/parnu-visioonikonverents-2024\/"]}]},{"@type":"ImageObject","inLanguage":"en-US","@id":"https:\/\/visitparnu.com\/konverents\/kogemuslood\/parnu-visioonikonverents-2024\/#primaryimage","url":"https:\/\/visitparnu.com\/konverents\/wp-content\/uploads\/2025\/11\/Parnu-visioonikonverents.jpg","contentUrl":"https:\/\/visitparnu.com\/konverents\/wp-content\/uploads\/2025\/11\/Parnu-visioonikonverents.jpg","width":2048,"height":1367},{"@type":"BreadcrumbList","@id":"https:\/\/visitparnu.com\/konverents\/kogemuslood\/parnu-visioonikonverents-2024\/#breadcrumb","itemListElement":[{"@type":"ListItem","position":1,"name":"Home","item":"https:\/\/visitparnu.com\/konverents\/"},{"@type":"ListItem","position":2,"name":"Kogemuslood","item":"https:\/\/visitparnu.com\/konverents\/kogemuslood\/"},{"@type":"ListItem","position":3,"name":"P\u00e4rnumaa turismi visioonikonverents 2024"}]},{"@type":"WebSite","@id":"https:\/\/visitparnu.com\/konverents\/#website","url":"https:\/\/visitparnu.com\/konverents\/","name":"BusinessP\u00e4rnu","description":"J\u00e4rgmine WordPress veebileht","publisher":{"@id":"https:\/\/visitparnu.com\/konverents\/#organization"},"potentialAction":[{"@type":"SearchAction","target":{"@type":"EntryPoint","urlTemplate":"https:\/\/visitparnu.com\/konverents\/?s={search_term_string}"},"query-input":{"@type":"PropertyValueSpecification","valueRequired":true,"valueName":"search_term_string"}}],"inLanguage":"en-US"},{"@type":"Organization","@id":"https:\/\/visitparnu.com\/konverents\/#organization","name":"BusinessP\u00e4rnu","url":"https:\/\/visitparnu.com\/konverents\/","logo":{"@type":"ImageObject","inLanguage":"en-US","@id":"https:\/\/visitparnu.com\/konverents\/#\/schema\/logo\/image\/","url":"https:\/\/visitparnu.com\/konverents\/wp-content\/uploads\/2025\/07\/Logo-ver2.svg","contentUrl":"https:\/\/visitparnu.com\/konverents\/wp-content\/uploads\/2025\/07\/Logo-ver2.svg","width":1200,"height":517,"caption":"BusinessP\u00e4rnu"},"image":{"@id":"https:\/\/visitparnu.com\/konverents\/#\/schema\/logo\/image\/"}}]}},"_links":{"self":[{"href":"https:\/\/visitparnu.com\/konverents\/wp-json\/wp\/v2\/pages\/1824","targetHints":{"allow":["GET"]}}],"collection":[{"href":"https:\/\/visitparnu.com\/konverents\/wp-json\/wp\/v2\/pages"}],"about":[{"href":"https:\/\/visitparnu.com\/konverents\/wp-json\/wp\/v2\/types\/page"}],"author":[{"embeddable":true,"href":"https:\/\/visitparnu.com\/konverents\/wp-json\/wp\/v2\/users\/2"}],"replies":[{"embeddable":true,"href":"https:\/\/visitparnu.com\/konverents\/wp-json\/wp\/v2\/comments?post=1824"}],"version-history":[{"count":26,"href":"https:\/\/visitparnu.com\/konverents\/wp-json\/wp\/v2\/pages\/1824\/revisions"}],"predecessor-version":[{"id":4561,"href":"https:\/\/visitparnu.com\/konverents\/wp-json\/wp\/v2\/pages\/1824\/revisions\/4561"}],"up":[{"embeddable":true,"href":"https:\/\/visitparnu.com\/konverents\/wp-json\/wp\/v2\/pages\/2471"}],"wp:featuredmedia":[{"embeddable":true,"href":"https:\/\/visitparnu.com\/konverents\/wp-json\/wp\/v2\/media\/4527"}],"wp:attachment":[{"href":"https:\/\/visitparnu.com\/konverents\/wp-json\/wp\/v2\/media?parent=1824"}],"curies":[{"name":"wp","href":"https:\/\/api.w.org\/{rel}","templated":true}]}}